) = -1426*h + 25631. Determine i(18).
-37
Let m(s) = -2*s**3 + 3*s + 25. Give m(3).
-20
Let l(a) = -3*a**3 - 86*a**2 + 31*a + 37. What is l(-29)?
-21
Let z(c) = -1044*c - 7307. Determine z(-7).
1
Let l(d) = 14*d**2 + 58*d + 4. Calculate l(-3).
-44
Let k(f) = 5176*f - 46614. Give k(9).
-30
Let n(b) = -b**3 - 30*b**2 - 253*b - 448. Calculate n(-12).
-4
Let v(n) = -188*n + 183. Determine v(1).
-5
Let w(f) = 6*f**2 - 112*f - 723. What is w(-6)?
165
Let k(i) = i**3 - 8*i**2 - 15*i - 51. What is k(10)?
-1
Let x(u) = -47*u + 153. What is x(4)?
-35
Let n(r) = 93*r - 6553. Give n(71).
50
Let q(f) = 458*f - 5502. Determine q(12).
-6
Let j(r) = -30*r - 220. Determine j(-7).
-10
Let y(d) = 239*d + 7062. Give y(-30).
-108
Let v(x) = -28*x**3 - 3*x**2 - 19*x + 70. Give v(3).
-770
Let u(k) = 2*k**3 + 85*k**2 + 117*k - 247. Determine u(-41).
-1
Let s(x) = -30*x**2 + 779*x - 1411. Determine s(24).
5
Let w(u) = 800*u - 6340. Give w(8).
60
Let i(x) = -46*x**2 + 139*x + 9. Calculate i(3).
12
Let u(y) = 3*y**3 - 223*y**2 - 614*y - 149. Determine u(77).
5
Let s(u) = u**3 + 5*u**2 - 31*u - 21. Give s(-11).
-406
Let x(g) = g**3 + 20*g**2 + 86*g + 70. Give x(-14).
42
Let g(j) = j**2 + 13*j + 95. What is g(-11)?
73
Let k(h) = -82*h - 2200. What is k(-27)?
14
Let c(t) = 2*t**2 + 87*t - 54. Calculate c(-44).
-10
Let j(s) = -4*s + 84. What is j(-26)?
188
Let k(y) = -2*y**3 - 21*y**2 + 33*y - 20. Determine k(-12).
16
Let s(t) = 13*t**2 - 77*t + 41. Determine s(6).
47
Let n(a) = -90*a + 1540. Calculate n(17).
10
Let v(b) = -135*b + 527. Determine v(4).
-13
Let c(a) = a**3 - 41*a**2 - 44*a + 116. Calculate c(42).
32
Let w(b) = -b**2 - 61*b + 2974. Calculate w(32).
-2
Let b(j) = 2*j**3 - 9*j**2 - 88*j. Calculate b(-5).
-35
Let f(b) = b**2 + 24*b + 31. Determine f(-27).
112
Let t(d) = 387*d - 58441. Calculate t(151).
-4
Let a(f) = -228*f**2 - 8662*f + 85. Determine a(-38).
9
Let f(q) = 2*q - 182. Calculate f(24).
-134
Let k(b) = -14*b**2 + 4*b - 42. Calculate k(6).
-522
Let j(u) = -u**3 - 72*u**2 + 147*u - 39. Give j(-74).
35
Let x(q) = -5*q**3 + 11*q**2 + 2*q + 6. What is x(-2)?
86
Let k(a) = 49*a**3 - 3137*a**2 + 65*a - 50. Give k(64).
14
Let r(q) = 6*q - 742. Calculate r(118).
-34
Let n(y) = -y**3 + 223*y**2 - 2334*y + 29. Give n(11).
7
Let u(y) = y**2 + 6*y - 62. Calculate u(6).
10
Let a(o) = 13*o + 380. What is a(-30)?
-10
Let w(t) = -t**2 + 66*t + 4094. Determine w(-39).
-1
Let b(w) = -2*w**3 - 26*w**2 + 22*w + 81. Give b(-14).
165
Let w(h) = -121*h + 474. Calculate w(4).
-10
Let n(l) = 26*l**3 - 3*l**2 + 7*l - 3. What is n(2)?
207
Let o(u) = 20*u + 46. What is o(-3)?
-14
Let y(u) = -7*u**3 + 6*u**2 + 8*u + 2. Determine y(-1).
7
Let k(b) = -21*b**2 - 146*b + 16. Calculate k(-7).
9
Let s(q) = -q**2 + 4*q - 32. Determine s(10).
-92
Let p(m) = 120*m + 2043. What is p(-17)?
3
Let z(g) = 3*g**2 + 46*g + 36. Calculate z(-7).
-139
Let u(m) = -5*m**2 - 5*m + 39. Determine u(7).
-241
Let f(x) = 970*x + 25226. Give f(-26).
6
Let c(x) = 113*x + 3697. Calculate c(-32).
81
Let a(u) = -242*u**2 - 9200*u - 154. Give a(-38).
-2
Let y(u) = 20*u + 633. Give y(-32).
-7
Let i(b) = -6*b**3 + 2*b**2 - 23*b + 39. Calculate i(3).
-174
Let j(u) = u**2 - 15*u + 38. Determine j(24).
254
Let j(c) = 21*c + 52. Give j(5).
157
Let o(x) = 196*x - 9193. Calculate o(47).
19
Let u(t) = 213*t + 8. Determine u(0).
8
Let k(y) = 2*y**2 - 21*y - 62. Determine k(16).
114
Let j(f) = -f + 845. Determine j(-27).
872
Let h(a) = -4*a**2 + 24*a - 26. What is h(0)?
-26
Let h(r) = 2*r**3 - r**2 + r + 154. What is h(0)?
154
Let z(i) = -i**3 - 9*i**2 + 30*i + 20. Determine z(-11).
-68
Let v(d) = -d**2 - 21*d - 110. Give v(-15).
-20
Let b(a) = 12*a**3 + 2*a**2 + 8*a + 16. Determine b(-2).
-88
Let f(x) = -25*x**2 + 218*x + 63. Calculate f(9).
0
Let w(o) = -6*o**3 + 7*o**2 - 28. Calculate w(4).
-300
Let w(q) = -q**3 - 2*q**2 + 39*q + 34. What is w(-7)?
6
Let j(b) = -5*b**2 + 4*b - 9. Give j(3).
-42
Let k(v) = 422*v + 7556. What is k(-18)?
-40
Let x(p) = -188*p**3 - 2*p**2 + 2. Determine x(1).
-188
Let x(l) = 81*l - 2351. Give x(29).
-2
Let g(f) = -f**2 + 125*f - 2166. What is g(103)?
100
Let z(n) = -2*n**3 - 35*n**2 - 18*n + 35. Determine z(-17).
52
Let x(m) = -m**3 + 20*m**2 + 21*m - 2. Calculate x(20).
418
Let j(o) = -338*o + 842. Give j(3).
-172
Let a(d) = -35*d**2 - 74*d - 214. Give a(-3).
-307
Let b(o) = 1589*o - 9485. Calculate b(6).
49
Let d(p) = p**3 + 72*p**2 - 148*p - 6. Give d(2).
-6
Let v(l) = -l**3 - 5*l**2 - 7*l - 46. Give v(-5).
-11
Let o(h) = -2*h**2 + 86*h - 141. Give o(42).
-57
Let o(j) = -j**3 + 12*j**2 - 4*j - 66. What is o(11)?
11
Let y(n) = n**3 + 14*n**2 + 13*n + 91. Determine y(-13).
91
Let g(u) = -u**3 + 44*u**2 - 57*u + 599. What is g(43)?
-3
Let n(v) = -7921*v - 7919. Determine n(-1).
2
Let u(n) = 8*n**2 - 432*n - 148. Give u(53).
-572
Let a(q) = -q**2 - q - 67. Calculate a(8).
-139
Let c(t) = t**3 + 3*t**2 - 37*t + 18. Calculate c(-8).
-6
Let f(a) = -a**2 - 39*a + 622. Determine f(-48).
190
Let b(d) = d**3 - 91*d**2 - 186*d - 1. Calculate b(93).
-1
Let k(c) = -c**2 - 22*c + 254. Calculate k(-32).
-66
Let u(k) = -k**2 - 212*k + 8113. Determine u(33).
28
Let x(g) = g**3 + 9*g**2 + 25*g + 7. Calculate x(-5).
-18
Let m(y) = 26*y + 475. What is m(-18)?
7
Let g(p) = -8*p**2 - 107*p - 356. What is g(-7)?
1
Let h(f) = 6*f**2 + 15*f + 11. Calculate h(-2).
5
Let p(m) = -3*m**2 + 15*m + 80. Calculate p(8).
8
Let m(o) = o**3 + 11*o**2 - 14*o - 3. Give m(-11).
151
Let x(u) = u**2 - 21*u + 56. What is x(7)?
-42
Let q(x) = 2*x**2 - 66*x + 542. Calculate q(17).
-2
Let f(a) = -2*a**3 - 16*a**2 - 357*a - 2398. Give f(-7).
3
Let n(a) = 8*a**3 + 85*a**2 - 33*a + 5. Give n(-11).
5
Let q(i) = -3*i**2 + 147*i - 145. What is q(48)?
-1
Let k(i) = -91*i**3 + 3*i**2 - 2*i. What is k(1)?
-90
Let v(i) = -i**3 - 92*i**2 + 32852*i - 227. Determine v(-233).
6
Let i(j) = j**2 - 148*j + 3132. Calculate i(29).
-319
Let k(a) = a**3 + 11*a**2 - 12*a - 16. Determine k(-12).
-16
Let q(x) = -125*x**2 + 2259*x - 159. Give q(18).
3
Let k(u) = -u**2 - 70*u + 2019. What is k(22)?
-5
Let k(y) = 56*y + 1115. What is k(-17)?
163
Let x(u) = 3*u**2 + u - 37. What is x(4)?
15
Let w(f) = f**3 - 9*f**2 + 44*f - 201. Determine w(7).
9
Let o(j) = -4*j**2 + 435*j + 2748. Give o(-6).
-6
Let w(i) = -17*i**3 + 3588*i**2 - 211*i - 7. Give w(211).
-7
Let l(g) = g**3 - 21*g**2 + 45*g - 124. Determine l(19).
9
Let u(l) = 199*l + 15. Calculate u(0).
15
Let c(q) = q**2 - 83*q + 598. Give c(75).
-2
Let w(q) = -1359*q - 55745. Calculate w(-41).
-26
Let k(d) = -66*d - 25. Determine k(-10).
635
Let r(h) = 86*h + 1343. Calculate r(-11).
397
Let y(g) = -2*g**2 - 6*g + 76. Determine y(-8).
-4
Let h(q) = -7*q**3 + 27*q - 24. Calculate h(-5).
716
Let k(o) = -3028*o - 24219. Give k(-8).
5
Let d(f) = 20*f**2 + 181*f + 4. Determine d(-9).
-5
Let w(u) = -u**2 + 266*u + 1916. Calculate w(-7).
5
Let o(c) = -c**2 + 54*c + 1757. Give o(77).
-14
Let d(i) = 4*i**2 + 99*i + 162. What is d(-24)?
90
Let d(t) = -t**2 + 403*t + 2048. Determine d(-5).
8
Let b(h) = -h**3 - 2*h**2 + 10*h + 3. What is b(4)?
-53
Let n(a) = -22*a - 727. Determine n(-33).
-1
Let q(n) = -2*n**3 + 108*n**2 + 115*n - 253. Calculate q(55).
22
Let y(d) = 21*d**2 - 185*d + 127. Give y(8).
-9
Let o(d) = -137*d**2 - 2053*d + 30. Give o(-15).
0
Let v(c) = -6*c**2 - 135*c + 524. What is v(-26)?
-22
Let s(u) = -16*u - 89. Calculate s(11).
-265
Let m(f) = -f**3 + 18*f**2 - 1444*f + 22587. Give m(16).
-5
Let x(w) = -4*w**3 - 446*w**2 - 224*w - 22. Calculate x(-111).
200
Let l(i) = -2*i**3 - 62*i**2 - 174*i - 98. Determine l(-28).
70
Let l(c) = -7*c + 422. Determine l(59).
9
Let b(f) = 2*f**2 + 64*f + 268. Give b(-27).
-2
Let c(f) = 11*f**2 - 31*f + 217. Calculate c(10).
1007
Let q(p) = -p**3 + 99*p**2 - 33*p + 3268. Determine q(99).
1
Let u(q) = q**3 - 17*q**2 + 21*q - 25. Give u(16).
55
Let p(x) = -4*x - 54. Determine p(-7).
-26
Let h(j) = -644*j + 50889. Calculate h(79).
13
Let u(t) = t**3 - 137*t**2 + 214*t + 7556. Give u(135).
-4
Let q(k) = k**2 + 45*k + 390. Determine q(-10).
40
Let c(m) = 551*m**2 + 6072*m + 13. Give c(-11).
-108
Let o(t) = -2345*t + 7161. Give o(3).
126
Let j(v) = v**3 - 31*v**2 + 80*v + 117. Determine j(28).
5
Let r(k) = 17*k - 311. Give r(18).
-5
Let s(k) = 72*k + 495. Give s(-7).
-9
Let 